me factors of 4/6 + 1185682/129 + (0 - 0).
2, 3, 383
Let n(s) = 109*s**2 - 11*s + 20. Let h be n(2). Suppose 0 = -2*y + 2*v + 852, 17*v = y + 12*v - h. List the prime factors of y.
2, 53
Let p = 3 - 14. Let s be p/((-66)/18)*8/6. List the prime factors of 48 + 0/3 + s.
2, 13
Let g = 402 + -400. Suppose g*u = f - 346, 2*u + 1 = 3*u. List the prime factors of f.
2, 3, 29
Let u(l) be the second derivative of l**4/6 + l**3 - 2*l**2 + l. Let a be -7 - 2 - (-32)/2. List the prime factors of u(a).
2, 17
List the prime factors of (-4)/(-40)*14 - 4008329/(-195)*3.
2, 3, 571
Suppose -3*d = -2*h + 15529, -3*h - 3*d = -12199 - 11057. List the prime factors of h.
7757
Let r(d) = 110*d**2 - 157*d - 755. What are the prime factors of r(-5)?
2, 5, 139
Suppose 8*m + 517 = 1645. Suppose 0 = -5*q - x - 2*x + 231, -3*q + m = x. Suppose -44*n + q*n = 24. What are the prime factors of n?
2, 3
Suppose 0 = 2*y + 954 + 2776. Let c = y + 3162. List the prime factors of c.
1297
Let c(i) = -87 + 27 - 19 - 924*i. What are the prime factors of c(-2)?
29, 61
Let r(h) = 150*h**3 + 15*h**2 + 9*h - 78. What are the prime factors of r(7)?
2, 3, 5, 37, 47
Let h be ((-49)/14)/(2/4). Let j be ((-1224)/357)/(2/h - 0). What are the prime factors of j/102 + 8868/51?
2, 3, 29
Let h be 2/(8/(-92))*9. Suppose -15*t - 2880 = -24*t. Let f = t + h. List the prime factors of f.
113
What are the prime factors of ((-1128)/(-47))/((-4)/(-2164))?
2, 3, 541
Suppose l - 10 - 1 = 0. Suppose -4133 + 855 = -l*w. List the prime factors of w.
2, 149
Suppose -3155 = -2*n + 7381. Suppose 5*z + 613 - n = 0. List the prime factors of z.
7, 19
Let y = 487 - -319. Let v be 6/10 + y/65. Let u(t) = -t**3 + 15*t**2 - 13*t - 2. List the prime factors of u(v).
167
Let a(w) = 78*w - 148. Let d(b) = 12*b - 38. Let p be d(4). List the prime factors of a(p).
2, 79
Let k be (-3 + 5936/(-8))/(-1). Suppose -j - 499 + k = 0. List the prime factors of j.
2, 3, 41
Let m(j) = 346*j**2 + 13 - 15 + 2*j - j. What are the prime factors of m(1)?
3, 5, 23
What are the prime factors of (-825454)/(-441) + (-2)/(-9)?
2, 3, 13
Suppose 11*s + 3156 - 8623 = 0. Let u = s + -245. List the prime factors of u.
2, 3, 7
Let l(r) = -18*r**3 + 4*r**2 + 13*r + 45. What are the prime factors of l(-3)?
2, 3, 11
Let j = 21238 - -5497. What are the prime factors of j?
5, 5347
Let r be (-28)/(-3) + (-2)/6. Let i(g) be the third derivative of 7*g**4/24 - 25*g**3/6 - g**2 - 510*g. What are the prime factors of i(r)?
2, 19
Let f be 6450/85 + 4/34. Suppose -h - 3*q + 217 = h, 0 = -h + 5*q + f. What are the prime factors of h?
101
Suppose 40709 + 15767 = 7*v. What are the prime factors of v?
2, 2017
Let w(f) = -f**3 + 31*f**2 - f + 36. Let o be w(31). Suppose -s = -6*s - 5, 3*p + o*s - 1504 = 0. What are the prime factors of p?
503
Let o be -7 - -2 - 10/4*-2. Suppose -2*m + 5*k + 670 = o, -2*m + 24*k + 630 = 29*k. List the prime factors of m.
5, 13
Suppose 3*k - 287 = 487. Suppose 2*t - k = 788. List the prime factors of t.
523
Let b be (-1)/(3/(-7320)*2). Suppose -b = 4*u - 14*u. What are the prime factors of (-9)/2*(u/(-6) + 1)?
3, 29
Let l = -13634 - -19229. What are the prime factors of l?
3, 5, 373
Let f(b) = 12*b**3 - b**2 + b + 2. Let y be f(3). Suppose -3*u = 5*u + y. Let j = 55 - u. What are the prime factors of j?
5, 19
Suppose -19*a + 15*a - 47209 = -3*g, -5*g = -2*a - 78677. What are the prime factors of g?
3, 5, 1049
Let t(y) = -10743*y + 495. What are the prime factors of t(-2)?
3, 17, 431
Suppose 2*r = 5*b - 28868, 3*b + 307*r = 305*r + 17308. What are the prime factors of b?
2, 3, 13, 37
Suppose 0 = 5*q + 2*a - 47015, -5*q + 4*q + 2*a + 9391 = 0. Suppose -68*g + q = -61*g. List the prime factors of g.
17, 79
Suppose -385 = -5*g + 155. Suppose g = -3*s + 489. List the prime factors of s.
127
Let m(f) = -3*f + 24. Let j be m(7). Suppose j*y - 24 = -y. Suppose -n = -y - 25. List the prime factors of n.
31
Suppose 15*b - 36 = 11*b - 4*f, -3*f = b - 19. What are the prime factors of (-13)/(234/2868)*(-18)/b?
3, 239
Let n(c) be the first derivative of 1/2*c**4 + 35 - 1/2*c**2 - 14/3*c**3 + 5*c. List the prime factors of n(8).
5
Suppose 32286 + 108314 = 25*v. List the prime factors of v.
2, 19, 37
Let f(y) = 4*y**2 + 2*y + 1. Suppose 5*t = t - 32. Let p be f(t). Let b = p - 4. What are the prime factors of b?
3, 79
Let u(h) = 2*h + 55. Let y be u(-16). Suppose b = -2*n + 404, b - 410 = -27*n + y*n. What are the prime factors of b?
2, 199
Let i(h) = -h**3 - 42*h**2 + 271*h - 42. List the prime factors of i(-50).
2, 3, 89
Suppose -1720 = 5*k + 2*n + 3*n, 3*k + n + 1034 = 0. Let l be (k/(-30))/(2/4). Suppose a + l = 2*a. What are the prime factors of a?
23
Let y(z) = z**3 - 5*z**2 + 9*z - 8. Let s be y(9). Let t = s - -653. What are the prime factors of t?
2, 3, 5, 7
Let s(x) = -x**3 - 10*x**2 - 10*x - 8. Let z be s(-9). Let h be (19 - z)*(-31)/(-62). List the prime factors of 26/1 - (-7 + h).
2, 3
Let n(m) = -2*m + 15. Let q be ((-10)/4)/((-10)/24). Let r be n(q). Suppose -r*h = -b + h + 141, -4*b = 4*h - 464. What are the prime factors of b?
11
Suppose -352121 - 222249 = -2*i - 8*i. List the prime factors of i.
19, 3023
Suppose -11*h - 13171 + 70998 = 0. List the prime factors of h.
7, 751
Let z(i) = -21*i - 22. Suppose 219*m = 221*m + 20. List the prime factors of z(m).
2, 47
Let f(z) = 267*z + 2285. What are the prime factors of f(51)?
2, 7951
Suppose -4*z + 45868 = -13*v + 15*v, -22938 = -2*z - 3*v. List the prime factors of z.
2, 3, 7, 13
Let a(j) = 2434*j**2 + 40*j - 78. What are the prime factors of a(2)?
2, 3, 541
Suppose 320 = 3*b - 4*l, -7*b + 12*b - 475 = -5*l. Let c = b - -102. List the prime factors of c.
2, 101
What are the prime factors of 81/6*8380/30?
3, 419
Let a be ((-16)/(-20) - 2)/((-8)/(-980)). Let b = 233 - -40. Let f = b + a. List the prime factors of f.
2, 3, 7
What are the prime factors of (23760/15 + 21)*34/3?
2, 5, 17, 107
Let t(u) = 2*u**2 - 11*u - 74. Let l be t(18). Suppose 1707 = 11*x + l. What are the prime factors of x?
11
Let i = 281 + -526. Let g(b) = b**3 - 9*b**2 - 5*b + 8. Let y be g(8). Let k = y - i. What are the prime factors of k?
149
Let a(o) = -4*o**3 + 3*o**2 - 3*o - 6. Suppose 9*w + 61 - 16 = 0. What are the prime factors of a(w)?
2, 73
Suppose -17*b + 7647 = 1748. Let l = b + 89. What are the prime factors of l?
2, 109
Suppose -3*r + 8*r - 2*l = 138, 4 = 4*l. Let c(b) = r*b + 193 + 10*b - 192. What are the prime factors of c(1)?
3, 13
Suppose 4 = 7*o - 24. Suppose 0 = -o*u + 440 + 92. Let z = u - 79. What are the prime factors of z?
2, 3
Suppose 5*n - g + 39 = 10, 5*g - 1 = n. Let s(w) = 0*w - w**3 + 0*w + w + 12 - w**2. What are the prime factors of s(n)?
2, 3, 31
Let c be (-6)/27 + 1/(9/191). Suppose c*a - 896 = 14*a. List the prime factors of a.
2
Suppose -4 = -2*l - 2, 2*b - 5*l = -13. Let n(g) be the third derivative of -g**6/120 + g**5/12 + g**4/12 - g**3/3 + 2*g**2. List the prime factors of n(b).
2, 67
Suppose -4*p - 15602 = -3*z + 2315, -17957 = -3*z - 4*p. Suppose 12*u - 5241 = z. What are the prime factors of u?
5, 11, 17
Let l(c) = -4*c - 15. Let u be l(-3). Let j(v) = 4*v**2 + v + 12. What are the prime factors of j(u)?
3, 5
Let p(f) = 3*f**3 - 6*f**2 + 2*f + 32. Let k be p(-7). Let c = 2225 + k. List the prime factors of c.
2, 5, 23
Let p = 5784 + -3201. Suppose -12*f + 1461 + p = 0. List the prime factors of f.
337
Let c(m) be the first derivative of -m**4/4 + m**3 - 3*m**2/2 + m - 18. Let n be c(3). What are the prime factors of (936/n)/(-2*(-3)/(-4))?
2, 3, 13
Let v(x) = -369*x**3 - 122*x**2 - 621*x + 2. List the prime factors of v(-5).
2, 3, 43, 179
Suppose 566*a - 559*a = 40124. What are the prime factors of a/(-28)*(-13 - -6)?
1433
Suppose -d - 4*d - 5 = 0, 4*d - 3944 = -3*h. Suppose -7*b = -11*b + h. What are the prime factors of b?
7, 47
Let d(w) = w**2 + 1. Let b(h) = h**3 - 3*h**2 + 2*h. Let y(f) = -b(f) - 6*d(f). Suppose 0 = -t - 3*j + 2, -4*t + 3*j - 12 = 5*j. List the prime factors of y(t).
2, 3
Let u be (-23 + 1)*(-6 + 7 - 2). Let q be (4360/u - 4) + (-2)/11. Suppose 0*m = -2*m + q. List the prime factors of m.
97
Suppose -5*t = g - 5281, -7*g = -3*t - 6*g + 3175. Let s = t - 662. List the prime factors of s.
5, 79
Suppose -4 = 3*u + 2*f, 2*u = 6*u + f + 12. Let j(v)